{"id":5654,"date":"2023-06-21T12:16:00","date_gmt":"2023-06-21T12:16:00","guid":{"rendered":"http:\/\/ebookdentalp.local\/?post_type=product&#038;p=5654"},"modified":"2025-04-30T14:14:35","modified_gmt":"2025-04-30T14:14:35","slug":"ied-technique-incisal-edge-design","status":"publish","type":"product","link":"https:\/\/youdental.conversa-dev.it\/?product=ied-technique-incisal-edge-design&lang=it","title":{"rendered":"IED technique. Incisal Edge Design"},"content":{"rendered":"<p>Questa tecnica \u00e8 nata anche dall\u2019esigenza di velocizzare le lavorazioni concentrandosi su passaggi chiave, senza avere fretta, per essere poi veloci nel proseguimento della lavorazione. \u00c8 nata quindi dalla necessit\u00f2 di salvare un progetto sia esso studiato modellando in cera o modellato al CAD. La tecnica prevede di realizzare completamente il dente (con qualsiasi tipo di ceramica) e di salvarne il contorno, il margine incisale deve essere gi\u00e0 calcolato e ben studiato, i punti di contatto e le pareti di transizione tra la faccia vestibolare e le pareti mesiali e distali devono aver le giuste forme. Questo ci permette di realizzare strutture in disilicato anche su preparazioni BOPT by Dott. Ignazio Loi perch\u00e9 tutto il contorno del dente, e in particolare il margine di chiusura nel primo millimetro, \u00e8 in struttura di disilicato di litio. Sembra che oggigiorno non ci sia pi\u00f9 tempo per pensare, che si debba sempre correre, correre per risparmiare sul tempo a disposizione\u2026 bisogna essere veloci.<\/p>\n<p>\u00a9 2022 &#8211; teamwork media srl &#8211; 25069 Villa Carcina (BS) &#8211; Via Sicilia, 21\/a e Palmeri Media Group (PMG) &#8211; 35-145 Royal Crest Court, Markham, ON L3R 9Z4.<\/p>\n<p><span class=\"Apple-converted-space\">\u00a0<\/span><\/p>\n<p>Tutti i diritti riservati. Questo eBook \u00e8 protetto da copyright. Nessuna parte di esso pu\u00f2 essere riprodotta, contenuta in un sistema di recupero o trasmessa in ogni forma o con ogni mezzo elettronico, meccanico, di fotocopie, incisione o altrimenti senza permesso scritto dell\u2019editore. Tutte le indicazioni, risultati, ecc. contenuti in quest\u2019opera sono stati elaborati dall\u2019autore in modo coscienzioso e controllati dallo stesso e dal lettore con la massima accuratezza. Nonostante ci\u00f2 non si possono escludere a priori degli errori. Per tanto ogni indicazione contenuta in quest\u2019opera \u00e8 senza garanzia sia da parte dell\u2019autore sia da parte dell\u2019editore. Non si garantisce e non si risponde per eventuali errori di contenuto. Nel testo, i nomi dei prodotti che sono protetti da brevetto o copyright non sono necessariamente contrassegnati come tali. L&#8217;assenza di un riferimento speciale o del simbolo \u00a9 non deve portare alla conclusione che non c&#8217;\u00e8 protezione dei prodotti.<\/p>\n<p>95 pagine<\/p>\n<div>circa 200 foto<\/div>\n<div>14 video<\/div>\n<p>&nbsp;<\/p>\n<p>Produzione: teamwork media srl e Palmeri Media Group (PMG)<\/p>\n<p>www.teamwork-media.com<\/p>\n<p>www.palmerimediagroup.com<\/p>\n<p><span class=\"Apple-converted-space\">\u00a0<\/span>Layout: Simon Asselmann<\/p>\n<p>&nbsp;<\/p>\n<p>ISBN 978-88-89626-61-0<\/p>\n","protected":false},"excerpt":{"rendered":"<p><strong>Autore:\u00a0<\/strong>Lorena Dalla Riva<\/p>\n<p><strong>Editori: <\/strong>teamwork media srl and Palmeri Media Group (PMG)<\/p>\n","protected":false},"featured_media":5682,"comment_status":"closed","ping_status":"closed","template":"","meta":{"_uag_custom_page_level_css":"","site-sidebar-layout":"default","site-content-layout":"default","ast-site-content-layout":"default","site-content-style":"default","site-sidebar-style":"default","ast-global-header-display":"","ast-banner-title-visibility":"","ast-main-header-display":"","ast-hfb-above-header-display":"","ast-hfb-below-header-display":"","ast-hfb-mobile-header-display":"","site-post-title":"","ast-breadcrumbs-content":"","ast-featured-img":"","footer-sml-layout":"","theme-transparent-header-meta":"default","adv-header-id-meta":"","stick-header-meta":"","header-above-stick-meta":"","header-main-stick-meta":"","header-below-stick-meta":"","astra-migrate-meta-layouts":"set","ast-page-background-enabled":"default","ast-page-background-meta":{"desktop":{"background-color":"","background-image":"","background-repeat":"repeat","background-position":"center center","background-size":"auto","background-attachment":"scroll","background-type":"","background-media":"","overlay-type":"","overlay-color":"","overlay-opacity":"","overlay-gradient":""},"tablet":{"background-color":"","background-image":"","background-repeat":"repeat","background-position":"center center","background-size":"auto","background-attachment":"scroll","background-type":"","background-media":"","overlay-type":"","overlay-color":"","overlay-opacity":"","overlay-gradient":""},"mobile":{"background-color":"","background-image":"","background-repeat":"repeat","background-position":"center center","background-size":"auto","background-attachment":"scroll","background-type":"","background-media":"","overlay-type":"","overlay-color":"","overlay-opacity":"","overlay-gradient":""}},"ast-content-background-meta":{"desktop":{"background-color":"var(--ast-global-color-5)","background-image":"","background-repeat":"repeat","background-position":"center center","background-size":"auto","background-attachment":"scroll","background-type":"","background-media":"","overlay-type":"","overlay-color":"","overlay-opacity":"","overlay-gradient":""},"tablet":{"background-color":"var(--ast-global-color-5)","background-image":"","background-repeat":"repeat","background-position":"center center","background-size":"auto","background-attachment":"scroll","background-type":"","background-media":"","overlay-type":"","overlay-color":"","overlay-opacity":"","overlay-gradient":""},"mobile":{"background-color":"var(--ast-global-color-5)","background-image":"","background-repeat":"repeat","background-position":"center center","background-size":"auto","background-attachment":"scroll","background-type":"","background-media":"","overlay-type":"","overlay-color":"","overlay-opacity":"","overlay-gradient":""}}},"product_brand":[],"product_cat":[90],"product_tag":[],"class_list":{"0":"post-5654","1":"product","2":"type-product","3":"status-publish","4":"has-post-thumbnail","6":"product_cat-odontotecnica","7":"desktop-align-center","8":"tablet-align-center","9":"mobile-align-center","11":"first","12":"instock","13":"featured","14":"downloadable","15":"virtual","16":"sold-individually","17":"purchasable","18":"product-type-simple"},"lang":"it","translations":{"it":5654},"uagb_featured_image_src":{"full":["https:\/\/youdental.conversa-dev.it\/wp-content\/uploads\/2023\/06\/cover-lorena-800X745-scaled-IT.jpeg",2560,2384,false],"thumbnail":["https:\/\/youdental.conversa-dev.it\/wp-content\/uploads\/2023\/06\/cover-lorena-800X745-scaled-IT-150x150.jpeg",150,150,true],"medium":["https:\/\/youdental.conversa-dev.it\/wp-content\/uploads\/2023\/06\/cover-lorena-800X745-scaled-IT-300x279.jpeg",300,279,true],"medium_large":["https:\/\/youdental.conversa-dev.it\/wp-content\/uploads\/2023\/06\/cover-lorena-800X745-scaled-IT-768x715.jpeg",768,715,true],"large":["https:\/\/youdental.conversa-dev.it\/wp-content\/uploads\/2023\/06\/cover-lorena-800X745-scaled-IT-1024x954.jpeg",1024,954,true],"1536x1536":["https:\/\/youdental.conversa-dev.it\/wp-content\/uploads\/2023\/06\/cover-lorena-800X745-scaled-IT-1536x1430.jpeg",1536,1430,true],"2048x2048":["https:\/\/youdental.conversa-dev.it\/wp-content\/uploads\/2023\/06\/cover-lorena-800X745-scaled-IT-2048x1907.jpeg",2048,1907,true],"woocommerce_thumbnail":["https:\/\/youdental.conversa-dev.it\/wp-content\/uploads\/2023\/06\/cover-lorena-800X745-scaled-IT-300x300.jpeg",300,300,true],"woocommerce_single":["https:\/\/youdental.conversa-dev.it\/wp-content\/uploads\/2023\/06\/cover-lorena-800X745-scaled-IT-600x559.jpeg",600,559,true],"woocommerce_gallery_thumbnail":["https:\/\/youdental.conversa-dev.it\/wp-content\/uploads\/2023\/06\/cover-lorena-800X745-scaled-IT-100x100.jpeg",100,100,true]},"uagb_author_info":{"display_name":"ebookdentalp","author_link":"https:\/\/youdental.conversa-dev.it\/?author=0"},"uagb_comment_info":0,"uagb_excerpt":"Autore:\u00a0Lorena Dalla Riva Editori: teamwork media srl and Palmeri Media Group (PMG)","jetpack_sharing_enabled":true,"pll_sync_post":[],"_links":{"self":[{"href":"https:\/\/youdental.conversa-dev.it\/index.php?rest_route=\/wp\/v2\/product\/5654","targetHints":{"allow":["GET"]}}],"collection":[{"href":"https:\/\/youdental.conversa-dev.it\/index.php?rest_route=\/wp\/v2\/product"}],"about":[{"href":"https:\/\/youdental.conversa-dev.it\/index.php?rest_route=\/wp\/v2\/types\/product"}],"replies":[{"embeddable":true,"href":"https:\/\/youdental.conversa-dev.it\/index.php?rest_route=%2Fwp%2Fv2%2Fcomments&post=5654"}],"wp:featuredmedia":[{"embeddable":true,"href":"https:\/\/youdental.conversa-dev.it\/index.php?rest_route=\/wp\/v2\/media\/5682"}],"wp:attachment":[{"href":"https:\/\/youdental.conversa-dev.it\/index.php?rest_route=%2Fwp%2Fv2%2Fmedia&parent=5654"}],"wp:term":[{"taxonomy":"product_brand","embeddable":true,"href":"https:\/\/youdental.conversa-dev.it\/index.php?rest_route=%2Fwp%2Fv2%2Fproduct_brand&post=5654"},{"taxonomy":"product_cat","embeddable":true,"href":"https:\/\/youdental.conversa-dev.it\/index.php?rest_route=%2Fwp%2Fv2%2Fproduct_cat&post=5654"},{"taxonomy":"product_tag","embeddable":true,"href":"https:\/\/youdental.conversa-dev.it\/index.php?rest_route=%2Fwp%2Fv2%2Fproduct_tag&post=5654"}],"curies":[{"name":"wp","href":"https:\/\/api.w.org\/{rel}","templated":true}]}}